{"id":130627,"date":"2023-08-21T13:49:13","date_gmt":"2023-08-21T11:49:13","guid":{"rendered":"https:\/\/ottermedia.de\/kfz-gutachter-winsen\/?page_id=130627"},"modified":"2023-08-21T17:56:20","modified_gmt":"2023-08-21T15:56:20","slug":"motorradgutachten","status":"publish","type":"page","link":"https:\/\/ottermedia.de\/kfz-gutachter-winsen\/motorradgutachten\/","title":{"rendered":"Motorradgutachten"},"content":{"rendered":"<section class=\"wpb-content-wrapper\"><p>[vc_row row_height_percent=&#8220;0&#8243; override_padding=&#8220;yes&#8220; h_padding=&#8220;2&#8243; top_padding=&#8220;3&#8243; bottom_padding=&#8220;1&#8243; overlay_alpha=&#8220;50&#8243; gutter_size=&#8220;3&#8243; column_width_percent=&#8220;100&#8243; shift_y=&#8220;0&#8243; z_index=&#8220;0&#8243; enable_top_divider=&#8220;default&#8220; top_divider=&#8220;gradient&#8220; shape_top_h_use_pixel=&#8220;&#8220; shape_top_height=&#8220;500&#8243; shape_top_color=&#8220;color-lxmt&#8220; shape_top_opacity=&#8220;100&#8243; shape_top_index=&#8220;0&#8243; uncode_shortcode_id=&#8220;122063&#8243; shape_top_color_type=&#8220;uncode-palette&#8220;][vc_column column_width_percent=&#8220;100&#8243; gutter_size=&#8220;2&#8243; overlay_alpha=&#8220;48&#8243; shift_x=&#8220;0&#8243; shift_y=&#8220;0&#8243; shift_y_down=&#8220;0&#8243; z_index=&#8220;0&#8243; medium_width=&#8220;0&#8243; mobile_width=&#8220;0&#8243; width=&#8220;1\/1&#8243; uncode_shortcode_id=&#8220;607285&#8243;][vc_custom_heading text_color=&#8220;accent&#8220; text_size=&#8220;h6&#8243; text_transform=&#8220;uppercase&#8220; uncode_shortcode_id=&#8220;189626&#8243; text_color_type=&#8220;uncode-palette&#8220;]KFZ-Gutachter Winsen[\/vc_custom_heading][vc_custom_heading auto_text=&#8220;yes&#8220; heading_semantic=&#8220;h1&#8243; text_size=&#8220;h1&#8243; separator=&#8220;yes&#8220; separator_color=&#8220;yes&#8220; uncode_shortcode_id=&#8220;182268&#8243;]This is a custom heading element.[\/vc_custom_heading][\/vc_column][\/vc_row][vc_row row_height_percent=&#8220;0&#8243; override_padding=&#8220;yes&#8220; h_padding=&#8220;2&#8243; top_padding=&#8220;2&#8243; bottom_padding=&#8220;1&#8243; overlay_alpha=&#8220;50&#8243; gutter_size=&#8220;3&#8243; column_width_percent=&#8220;100&#8243; shift_y=&#8220;0&#8243; z_index=&#8220;0&#8243; uncode_shortcode_id=&#8220;388356&#8243;][vc_column width=&#8220;1\/1&#8243;][vc_column_text uncode_shortcode_id=&#8220;997226&#8243;]<\/p>\n<h3>Umfang des Schadensgutachten<\/h3>\n<p>Je nach Verwendung des Gutachtens werden folgende bedeutsamen Daten erfassen<\/p>\n<ul>\n<li>Art und Umfang des Schadens<\/li>\n<li>H\u00f6he der Reparaturkosten<\/li>\n<li>Reparaturdauer<\/li>\n<li>Wiederbeschaffungswert<\/li>\n<li>merkantile Wertminderung<\/li>\n<li>Wertminderung<\/li>\n<li>Restwert bestimmung<\/li>\n<li>Nutzungsausfall<\/li>\n<\/ul>\n<h3>Wie lange dauert die Bearbeitung?<\/h3>\n<p>Die Schadensaufnahme erfolgt in aller Regel inh. 24 Std. nach der Beauftragung. Sp\u00e4testens nach 48 Stunden ist das Gutachten erstellt und wird nach ihren W\u00fcnschen entweder per Post \/ Fax oder an ihre \u00a0Emailadresse versendet. Zudem gleichzeitig an ihren Rechtsbeistand und an die gegnerische Versicherung um eine zeitnahe Entsch\u00e4digung zu gew\u00e4hrleisten.<\/p>\n<h3>Parksch\u00e4den<\/h3>\n<p>Jemand f\u00e4hrt Ihr parkendes Motorrad an oder um. Mit dem dabei entstandenen Schaden beginnt der \u00c4rger. Der Unfallgegner behauptet meistens aus der ersten eigenen Empfindung heraus, das sei doch nicht so schlimm.<\/p>\n<p>Tats\u00e4chlich ist jedoch h\u00e4ufig ein erheblicher Schaden entstanden. Allein die besch\u00e4digte Verkleidung oder besch\u00e4digte Anbauteile k\u00f6nnen bei hochwertigen Motorr\u00e4dern Sch\u00e4den von mehreren tausend Euro ausl\u00f6sen, ganz zu schweigen von versteckten Sch\u00e4den hinter der Verkleidung z.B. wie K\u00fchler, Halter und Tr\u00e4ger.<\/p>\n<p>Des Weiteren kann es bereits bei einem geringen Ansto\u00df zu Rahmensch\u00e4den kommen. Diese und andere Sch\u00e4den werden bei einer Begutachtung durch uns festgestellt und in unseren Gutachten nat\u00fcrlich aufgef\u00fchrt.<\/p>\n<h3>Auffahrsch\u00e4den<\/h3>\n<p>Sie stehen mit ihrem Motorrad\/Motorroller an einer Ampel oder Kreuzung. \u00a0Der Fahrer hinter Ihnen erkennt die Situation zu sp\u00e4t und f\u00e4hrt auf.<\/p>\n<p>Sie liegen neben ihrem Fahrzeug. Hierbei kommt es sehr oft zu erheblichen Sch\u00e4den an ihrem Motorrad, die im ersten Moment nicht gleich sichtbar sind. Rahmensch\u00e4den im Heckbereich oder Sch\u00e4den am Steuerkopf und Schwingendrehpunkt sind nach solchen Kollisionen h\u00e4ufig die Folge.<\/p>\n<p>Bei einer Begutachtung ihres Fahrzeuges durch uns als unabh\u00e4gige Sachverst\u00e4ndige werden diese Sch\u00e4den in unseren Gutachten entsprechend dargestellt, was Ihnen als solide \u00a0Grundlage bei der Geltendmachung \u00a0Ihres Schadens dienen kann.<\/p>\n<h3>Sturz- und Kollisionssch\u00e4den<\/h3>\n<p>Eine h\u00e4ufige Situation ist die \u00fcbliche Vorfahrtverletzung. Sie befahren mit ihrem Motorrad eine Vorfahrtstra\u00dfe und pl\u00f6tzlich wird Ihnen die Vorfahrt genommen und es kommt zu einem Unfall oder einem Sturzschaden. Nicht nur, dass ihr Motorrad hierbei einen erheblichen oder sogar einen Totalschaden \u00a0erleidet. M\u00f6glicherweise kommt es zu weiteren Sch\u00e4den der Kleidung oder schlimmstenfalls an Ihrer Person. Bei der Begutachtung des Fahrzeugschadens werden unsererseits auch vorhandene Sch\u00e4den an der oft sehr teuren Motorradbekleidung mit Fotos festgehalten. Dies erleichtert Ihnen den sp\u00e4teren Nachweis der weiteren Unfallsch\u00e4den.<\/p>\n<p>Das Vorgenannte gilt vom Grundsatz her auch f\u00fcr \u00a0Unfallsch\u00e4den an einem Motorroller und anderen Zweir\u00e4dern, auch wenn es hier gegebenenfalls um geringer Werte geht.[\/vc_column_text][\/vc_column][\/vc_row][vc_row][vc_column column_width_percent=&#8220;100&#8243; gutter_size=&#8220;3&#8243; back_color=&#8220;color-vyce&#8220; overlay_alpha=&#8220;50&#8243; shift_x=&#8220;0&#8243; shift_y=&#8220;0&#8243; shift_y_down=&#8220;0&#8243; z_index=&#8220;0&#8243; medium_width=&#8220;0&#8243; mobile_width=&#8220;0&#8243; width=&#8220;1\/1&#8243; uncode_shortcode_id=&#8220;102270&#8243; back_color_type=&#8220;uncode-palette&#8220;][vc_column_text uncode_shortcode_id=&#8220;663711&#8243;]<\/p>\n<h3>Die von uns erstellten Gutachten zeichnen sich aus durch:<\/h3>\n<p><strong>Nachvollziehbarkeit<\/strong><\/p>\n<ul>\n<li style=\"list-style-type: none;\">\n<ul>\n<li>Unsere Gutachten sind nachvollziehbar, da sie auf klar definierten inhaltlichen und formalen Strukturen basieren.<\/li>\n<\/ul>\n<\/li>\n<\/ul>\n<p><strong>Transparenz<\/strong><\/p>\n<ul>\n<li style=\"list-style-type: none;\">\n<ul>\n<li>Von uns erstellte Gutachten sind transparent. Kostenpunkte sind klar definiert und dargestellt. Versteckte Kosten sind damit ausgeschlossen.<\/li>\n<\/ul>\n<\/li>\n<\/ul>\n<p><strong>Messung der Lackschichtendicke<\/strong><\/p>\n<ul>\n<li style=\"list-style-type: none;\">\n<ul>\n<li>Wir f\u00fchren diese Messungen mit Hilfe der modernsten Ger\u00e4te durch. Die Auswertung dieser Messung dient der Feststellung bzw. dem Ausschluss einer nachtr\u00e4glichen Lackierung oder sogar Spachtelarbeiten der Karosserie\/Verkleidung.<\/li>\n<\/ul>\n<\/li>\n<\/ul>\n<p><strong>Digitale Foto-Dokumentation<\/strong><\/p>\n<ul>\n<li style=\"list-style-type: none;\">\n<ul>\n<li>Wir erstellen eine Serie digitaler Lichtbilder. Dies hilft Ihnen angemeldete Zweifel an der H\u00f6he oder dem Umfang des Schadens entgegenzutreten. Diese Fotodokumentation wird Ihnen wahlweise auf Papier oder digitalem Datentr\u00e4ger zur Verf\u00fcgung gestellt.<\/li>\n<\/ul>\n<\/li>\n<\/ul>\n<p><strong>Gesammeltes Wissen in Datenbanken<\/strong><\/p>\n<ul>\n<li style=\"list-style-type: none;\">\n<ul>\n<li>Wir arbeiten mit diversen professionellen Datenbanken z.B. DAT. Dadurch haben wir immer Zugriff auf die aktuellsten Informationen zu Ihrem Fahrzeug . Unsere Gutachten basieren somit nicht auf vagen Sch\u00e4tzungen, sondern professionell erstellten Gutachten mit der neuesten PC-Software.<\/li>\n<\/ul>\n<\/li>\n<\/ul>\n<p><strong>Rahmenvermessung<\/strong><\/p>\n<ul>\n<li style=\"list-style-type: none;\">\n<ul>\n<li>Derartige Arbeiten werden fast ausschlie\u00dflich zur Schadensbehebung nach einem Unfall durchgef\u00fchrt.<\/li>\n<\/ul>\n<\/li>\n<\/ul>\n<p>[\/vc_column_text][\/vc_column][\/vc_row][vc_row][vc_column width=&#8220;1\/1&#8243;][\/vc_column][\/vc_row]<\/p>\n<\/section>","protected":false},"excerpt":{"rendered":"<p>[vc_row row_height_percent=&#8220;0&#8243; override_padding=&#8220;yes&#8220; h_padding=&#8220;2&#8243; top_padding=&#8220;3&#8243; bottom_padding=&#8220;1&#8243; overlay_alpha=&#8220;50&#8243; gutter_size=&#8220;3&#8243; column_width_percent=&#8220;100&#8243; shift_y=&#8220;0&#8243; z_index=&#8220;0&#8243; enable_top_divider=&#8220;default&#8220; top_divider=&#8220;gradient&#8220; shape_top_h_use_pixel=&#8220;&#8220; shape_top_height=&#8220;500&#8243; shape_top_color=&#8220;color-lxmt&#8220; shape_top_opacity=&#8220;100&#8243; shape_top_index=&#8220;0&#8243; uncode_shortcode_id=&#8220;122063&#8243; shape_top_color_type=&#8220;uncode-palette&#8220;][vc_column [&hellip;]<\/p>\n","protected":false},"author":1,"featured_media":0,"parent":0,"menu_order":0,"comment_status":"closed","ping_status":"closed","template":"","meta":{"footnotes":""},"class_list":["post-130627","page","type-page","status-publish","hentry"],"yoast_head":"<!-- This site is optimized with the Yoast SEO plugin v21.0 - https:\/\/yoast.com\/wordpress\/plugins\/seo\/ -->\n<title>Motorradgutachten - KFZ Gutachter Winsen \u2013 Bj\u00f6rn Ewert<\/title>\n<meta name=\"robots\" content=\"index, follow, max-snippet:-1, max-image-preview:large, max-video-preview:-1\" \/>\n<link rel=\"canonical\" href=\"https:\/\/ottermedia.de\/kfz-gutachter-winsen\/motorradgutachten\/\" \/>\n<meta property=\"og:locale\" content=\"de_DE\" \/>\n<meta property=\"og:type\" content=\"article\" \/>\n<meta property=\"og:title\" content=\"Motorradgutachten - KFZ Gutachter Winsen \u2013 Bj\u00f6rn Ewert\" \/>\n<meta property=\"og:description\" content=\"[vc_row row_height_percent=&#8220;0&#8243; override_padding=&#8220;yes&#8220; h_padding=&#8220;2&#8243; top_padding=&#8220;3&#8243; bottom_padding=&#8220;1&#8243; overlay_alpha=&#8220;50&#8243; gutter_size=&#8220;3&#8243; column_width_percent=&#8220;100&#8243; shift_y=&#8220;0&#8243; z_index=&#8220;0&#8243; enable_top_divider=&#8220;default&#8220; top_divider=&#8220;gradient&#8220; shape_top_h_use_pixel=&#8220;&#8220; shape_top_height=&#8220;500&#8243; shape_top_color=&#8220;color-lxmt&#8220; shape_top_opacity=&#8220;100&#8243; shape_top_index=&#8220;0&#8243; uncode_shortcode_id=&#8220;122063&#8243; shape_top_color_type=&#8220;uncode-palette&#8220;][vc_column [&hellip;]\" \/>\n<meta property=\"og:url\" content=\"https:\/\/ottermedia.de\/kfz-gutachter-winsen\/motorradgutachten\/\" \/>\n<meta property=\"og:site_name\" content=\"KFZ Gutachter Winsen \u2013 Bj\u00f6rn Ewert\" \/>\n<meta property=\"article:modified_time\" content=\"2023-08-21T15:56:20+00:00\" \/>\n<meta name=\"twitter:card\" content=\"summary_large_image\" \/>\n<meta name=\"twitter:label1\" content=\"Gesch\u00e4tzte Lesezeit\" \/>\n\t<meta name=\"twitter:data1\" content=\"4\u00a0Minuten\" \/>\n<script type=\"application\/ld+json\" class=\"yoast-schema-graph\">{\"@context\":\"https:\/\/schema.org\",\"@graph\":[{\"@type\":\"WebPage\",\"@id\":\"https:\/\/ottermedia.de\/kfz-gutachter-winsen\/motorradgutachten\/\",\"url\":\"https:\/\/ottermedia.de\/kfz-gutachter-winsen\/motorradgutachten\/\",\"name\":\"Motorradgutachten - KFZ Gutachter Winsen \u2013 Bj\u00f6rn Ewert\",\"isPartOf\":{\"@id\":\"https:\/\/ottermedia.de\/kfz-gutachter-winsen\/#website\"},\"datePublished\":\"2023-08-21T11:49:13+00:00\",\"dateModified\":\"2023-08-21T15:56:20+00:00\",\"breadcrumb\":{\"@id\":\"https:\/\/ottermedia.de\/kfz-gutachter-winsen\/motorradgutachten\/#breadcrumb\"},\"inLanguage\":\"de\",\"potentialAction\":[{\"@type\":\"ReadAction\",\"target\":[\"https:\/\/ottermedia.de\/kfz-gutachter-winsen\/motorradgutachten\/\"]}]},{\"@type\":\"BreadcrumbList\",\"@id\":\"https:\/\/ottermedia.de\/kfz-gutachter-winsen\/motorradgutachten\/#breadcrumb\",\"itemListElement\":[{\"@type\":\"ListItem\",\"position\":1,\"name\":\"Startseite\",\"item\":\"https:\/\/ottermedia.de\/kfz-gutachter-winsen\/\"},{\"@type\":\"ListItem\",\"position\":2,\"name\":\"Motorradgutachten\"}]},{\"@type\":\"WebSite\",\"@id\":\"https:\/\/ottermedia.de\/kfz-gutachter-winsen\/#website\",\"url\":\"https:\/\/ottermedia.de\/kfz-gutachter-winsen\/\",\"name\":\"KFZ Gutachter Winsen \u2013 Bj\u00f6rn Ewert\",\"description\":\"Unabh\u00e4ngiger KFZ Gutachter Winsen, Maschen, L\u00fcneburg und Umgebung\",\"potentialAction\":[{\"@type\":\"SearchAction\",\"target\":{\"@type\":\"EntryPoint\",\"urlTemplate\":\"https:\/\/ottermedia.de\/kfz-gutachter-winsen\/?s={search_term_string}\"},\"query-input\":\"required name=search_term_string\"}],\"inLanguage\":\"de\"}]}<\/script>\n<!-- \/ Yoast SEO plugin. -->","yoast_head_json":{"title":"Motorradgutachten - KFZ Gutachter Winsen \u2013 Bj\u00f6rn Ewert","robots":{"index":"index","follow":"follow","max-snippet":"max-snippet:-1","max-image-preview":"max-image-preview:large","max-video-preview":"max-video-preview:-1"},"canonical":"https:\/\/ottermedia.de\/kfz-gutachter-winsen\/motorradgutachten\/","og_locale":"de_DE","og_type":"article","og_title":"Motorradgutachten - KFZ Gutachter Winsen \u2013 Bj\u00f6rn Ewert","og_description":"[vc_row row_height_percent=&#8220;0&#8243; override_padding=&#8220;yes&#8220; h_padding=&#8220;2&#8243; top_padding=&#8220;3&#8243; bottom_padding=&#8220;1&#8243; overlay_alpha=&#8220;50&#8243; gutter_size=&#8220;3&#8243; column_width_percent=&#8220;100&#8243; shift_y=&#8220;0&#8243; z_index=&#8220;0&#8243; enable_top_divider=&#8220;default&#8220; top_divider=&#8220;gradient&#8220; shape_top_h_use_pixel=&#8220;&#8220; shape_top_height=&#8220;500&#8243; shape_top_color=&#8220;color-lxmt&#8220; shape_top_opacity=&#8220;100&#8243; shape_top_index=&#8220;0&#8243; uncode_shortcode_id=&#8220;122063&#8243; shape_top_color_type=&#8220;uncode-palette&#8220;][vc_column [&hellip;]","og_url":"https:\/\/ottermedia.de\/kfz-gutachter-winsen\/motorradgutachten\/","og_site_name":"KFZ Gutachter Winsen \u2013 Bj\u00f6rn Ewert","article_modified_time":"2023-08-21T15:56:20+00:00","twitter_card":"summary_large_image","twitter_misc":{"Gesch\u00e4tzte Lesezeit":"4\u00a0Minuten"},"schema":{"@context":"https:\/\/schema.org","@graph":[{"@type":"WebPage","@id":"https:\/\/ottermedia.de\/kfz-gutachter-winsen\/motorradgutachten\/","url":"https:\/\/ottermedia.de\/kfz-gutachter-winsen\/motorradgutachten\/","name":"Motorradgutachten - KFZ Gutachter Winsen \u2013 Bj\u00f6rn Ewert","isPartOf":{"@id":"https:\/\/ottermedia.de\/kfz-gutachter-winsen\/#website"},"datePublished":"2023-08-21T11:49:13+00:00","dateModified":"2023-08-21T15:56:20+00:00","breadcrumb":{"@id":"https:\/\/ottermedia.de\/kfz-gutachter-winsen\/motorradgutachten\/#breadcrumb"},"inLanguage":"de","potentialAction":[{"@type":"ReadAction","target":["https:\/\/ottermedia.de\/kfz-gutachter-winsen\/motorradgutachten\/"]}]},{"@type":"BreadcrumbList","@id":"https:\/\/ottermedia.de\/kfz-gutachter-winsen\/motorradgutachten\/#breadcrumb","itemListElement":[{"@type":"ListItem","position":1,"name":"Startseite","item":"https:\/\/ottermedia.de\/kfz-gutachter-winsen\/"},{"@type":"ListItem","position":2,"name":"Motorradgutachten"}]},{"@type":"WebSite","@id":"https:\/\/ottermedia.de\/kfz-gutachter-winsen\/#website","url":"https:\/\/ottermedia.de\/kfz-gutachter-winsen\/","name":"KFZ Gutachter Winsen \u2013 Bj\u00f6rn Ewert","description":"Unabh\u00e4ngiger KFZ Gutachter Winsen, Maschen, L\u00fcneburg und Umgebung","potentialAction":[{"@type":"SearchAction","target":{"@type":"EntryPoint","urlTemplate":"https:\/\/ottermedia.de\/kfz-gutachter-winsen\/?s={search_term_string}"},"query-input":"required name=search_term_string"}],"inLanguage":"de"}]}},"_links":{"self":[{"href":"https:\/\/ottermedia.de\/kfz-gutachter-winsen\/wp-json\/wp\/v2\/pages\/130627","targetHints":{"allow":["GET"]}}],"collection":[{"href":"https:\/\/ottermedia.de\/kfz-gutachter-winsen\/wp-json\/wp\/v2\/pages"}],"about":[{"href":"https:\/\/ottermedia.de\/kfz-gutachter-winsen\/wp-json\/wp\/v2\/types\/page"}],"author":[{"embeddable":true,"href":"https:\/\/ottermedia.de\/kfz-gutachter-winsen\/wp-json\/wp\/v2\/users\/1"}],"replies":[{"embeddable":true,"href":"https:\/\/ottermedia.de\/kfz-gutachter-winsen\/wp-json\/wp\/v2\/comments?post=130627"}],"version-history":[{"count":2,"href":"https:\/\/ottermedia.de\/kfz-gutachter-winsen\/wp-json\/wp\/v2\/pages\/130627\/revisions"}],"predecessor-version":[{"id":130738,"href":"https:\/\/ottermedia.de\/kfz-gutachter-winsen\/wp-json\/wp\/v2\/pages\/130627\/revisions\/130738"}],"wp:attachment":[{"href":"https:\/\/ottermedia.de\/kfz-gutachter-winsen\/wp-json\/wp\/v2\/media?parent=130627"}],"curies":[{"name":"wp","href":"https:\/\/api.w.org\/{rel}","templated":true}]}}